 by (-12 + 44)*(-4)/(-2).
62
Suppose -10*a + 8 = i - 8*a, 3*a + 33 = i. What is the remainder when 51 is divided by i?
15
Suppose 2*z - 7*z = -3*d - 20, 5*d - 53 = -4*z. Suppose 0 = -3*p - 3*x + 9, -5*p + 11 = -3*p - 3*x. Calculate the remainder when z is divided by p.
3
Calculate the remainder when 80 is divided by ((-23)/5)/((-3)/15).
11
Let b = 8797 - 8780. Suppose 185 = 3*o - 373. Calculate the remainder when o is divided by b.
16
What is the remainder when 4/(-7)*(-2 + 240)/(-2) is divided by (-6)/4*28/(-3)?
12
Calculate the remainder when 3/5 - 9044/(-85) is divided by 22.
19
Suppose 6 = -10*x + 11*x. Let y be 3/(-2) + (-723)/x. Calculate the remainder when (-3)/(-2)*y/(-3) is divided by 32.
29
Let u = 48 + -20. Suppose f + 13 = -7. Let x = u + f. What is the remainder when x is divided by 4?
0
Suppose -l - 4*l - 22 = -2*i, 0 = -i - 4*l + 11. Let x = 13 - 19. What is the remainder when 91/3 + 2/x is divided by i?
8
Let r(t) = 4*t**3 + 14*t**2 + t - 4. What is the remainder when 37 is divided by r(-3)?
4
Let d be 1*(1 + (1 - 1)). Calculate the remainder when 193 is divided by (-1 + 7/2)/(d/26).
63
Let a be (-2)/(-3) + 4/(-6). Suppose -k + 7 = -a*k. Suppose t + 33*o - 37*o = -14, -t - 2*o + 10 = 0. What is the remainder when k is divided by t?
1
Suppose -1980 = -36*t + 6*t. What is the remainder when 193 is divided by t?
61
Suppose -24 = -y - 0*y. Let g = -48 + 56. Suppose g*a - 6*a = 92. What is the remainder when a is divided by y?
22
Suppose -a = -5*f + 2, -8*a + 5*a + 3*f + 30 = 0. Calculate the remainder when 17 is divided by a.
4
Suppose -4*p = -p - 96. Let o be (-7 - -4 - -2)*0. Suppose -2*v + 3*b = -o*v - 8, -v = -b - 5. What is the remainder when p is divided by v?
4
Let r = 11 - -6. Let y = r - -1. Calculate the remainder when y is divided by 5.
3
Let h = 143 - 132. Suppose -h*c + 16*c = -z + 551, -5 = -5*z. What is the remainder when c is divided by 38?
34
Let m(q) = -q**3 - 7*q**2 + 2. Let i be m(-7). Suppose 2*s - 10 = 0, o - i*s - 6 = 7. Calculate the remainder when (-4)/14 - 1250/(-14) is divided by o.
20
Suppose 3*b + s - 41 = 7, -2*s = 0. Let w(r) = -2*r + 24. Let d be w(13). Let x = b + d. What is the remainder when 23 is divided by x?
9
Suppose 2*m - 51 = s, 5*s - 2*s = m - 33. Let v = -5 - -9. Suppose -4*u + 3*f + 0*f + 278 = 0, 2*u - v*f = 134. What is the remainder when u is divided by m?
23
Suppose -34 = -6*g + 176. Calculate the remainder when g is divided by 8.
3
Suppose -2*d = -167 - 81. Calculate the remainder when d is divided by 60.
4
Suppose 5*i + 7*i - 1104 = 0. Let s = i - 61. What is the remainder when s is divided by 13?
5
Suppose 49*f = 16*f + 297. Let y = -25 - -41. Calculate the remainder when y is divided by f.
7
Suppose -144 - 32 = 4*b. Let a = b + 80. Calculate the remainder when a is divided by 20.
16
Let p(f) = f**2 + 2*f - 2. Let j be 550/(-6) + (-20)/(-30). Let b = 96 + j. Calculate the remainder when p(-6) is divided by b.
2
Let p = 39 - 11. What is the remainder when 25 is divided by (-1 + -1)/((-8)/p)?
4
Let s = 726 + -261. What is the remainder when s is divided by 26?
23
Let p = -37 - -42. Suppose 16 - 126 = -p*u. Calculate the remainder when 41 is divided by u.
19
Let j(n) = -n**3 + 11*n**2 - 8*n - 1. Let f be j(10). Let d = 10 + -26. Let x = f - d. Calculate the remainder when x is divided by 12.
11
Let n(y) = -3*y + 3. Let u be n(1). What is the remainder when (u + 0)*-1 - 2*-62 is divided by 42?
40
Let u(y) = -y + 9. Let d(c) = -c**3 - 6*c**2 + 5*c - 17. Let s be d(-7). Calculate the remainder when 31 is divided by u(s).
7
Let x(l) = -3*l - 19. Let p be x(-8). Suppose 4*s + p*t = -1, 2*s + 25 = 7*s + t. What is the remainder when 11 is divided by s?
5
Let s(l) = -l**3 + 9*l**2 - 9*l - 17. What is the remainder when s(5) is divided by 11?
5
Suppose -j + 7 = -4*y, 2*y + 2 = -j + 3. Suppose -3*f - v = -2*v, -3*f + 4*v = 0. Suppose 3*k + 0 - 24 = f. Calculate the remainder when k is divided by j.
2
Suppose -4*p + 233 = 3*v, -8*p = -3*p + 5. Let q = v - -29. Calculate the remainder when q is divided by 22.
20
What is the remainder when (-2)/12 + (-957)/(-18) is divided by 10?
3
Suppose 54*t = 59*t + 60. Let i(o) = 2*o**2 + 23*o - 5. Calculate the remainder when 19 is divided by i(t).
5
Suppose 4*y + 22 = 2*n + 4, 0 = -n + y + 7. What is the remainder when 7 is divided by n?
2
Suppose 39*v - 40*v = -15. Calculate the remainder when 136 is divided by v.
1
Suppose 0 = 15*c - 75 - 45. Suppose -c*k - 22 = -10*k. Calculate the remainder when 21 is divided by k.
10
Let a(i) = i**2 - 24*i - 57. What is the remainder when a(-16) is divided by 8?
7
Suppose 4*s - 8*s = -180. Suppose -5*h = -h - 92. What is the remainder when s is divided by h?
22
Let j(b) = -37*b**3 + 2*b**2 + 2*b. Let n(v) = v**3 + v**2 + 13. Calculate the remainder when j(-1) is divided by n(0).
11
Suppose 1038 = 16*b - 354. Calculate the remainder when b is divided by 10.
7
Let v = 156 - 125. Let s = -54 + 25. Let z = s + v. What is the remainder when 4 is divided by z?
0
Let t be 4/12*-7*-3. Suppose -t*j = -2*j + 15. Calculate the remainder when ((-11)/j)/((-2)/(-36)) is divided by 23.
20
Suppose 24*c + 154 = 46*c. What is the remainder when c is divided by 4?
3
Suppose -3*q + 198 = -45. Let s(w) = -42*w**3 - w**2 + 2*w - 1. Let c be s(1). What is the remainder when q is divided by c/9*(-5 + -1)?
25
Suppose 3*u + 309 - 870 = -2*b, 0 = 4*u + 4*b - 748. Suppose 3*h = u - 115. What is the remainder when 116 is divided by h?
20
Let j = -248 + 472. Calculate the remainder when j is divided by 76.
72
Let f = 376 + -263. What is the remainder when f is divided by ((-2)/6)/(2*5/(-870))?
26
Suppose -5*b = 3*b - 784. What is the remainder when b is divided by 20?
18
Let u = 2 - 1. Let s be 0/1 - (-5 + -1). What is the remainder when s + (5 - 3) + -5 is divided by u?
0
Suppose -65 = -6*l + 31. Let i = l - 13. Suppose 5*q = 3*c - 4*c + 20, c + 12 = i*q. Calculate the remainder when 8 is divided by q.
0
What is the remainder when (-46)/((-1)/(-1))*-1 is divided by ((-1)/4)/(17/(-1224))?
10
Suppose 29*k - 3234 = 18*k. Calculate the remainder when k is divided by 37.
35
Calculate the remainder when (-188 - 61)*4/(-3) is divided by 16.
12
Suppose z - 113 = 4*s, z - 98 = 4*s - 3*s. Suppose -2*c + z = 25. Calculate the remainder when c is divided by 9.
7
Suppose 127 = 6*o - 113. Suppose -28 = -2*c + 130. Calculate the remainder when c is divided by o.
39
Suppose 7*z + 72 = z. What is the remainder when 52 - (z - -11 - 0/1) is divided by 14?
11
Let i = 3493 + -3478. Let b(s) = 10*s + 2. What is the remainder when b(4) is divided by i?
12
Suppose 0 = 6*k - 1425 - 225. Calculate the remainder when k is divided by 40.
35
Let j = 153 + 9. Calculate the remainder when 25/10*j/15 is divided by 8.
3
What is the remainder when -2 + ((2 - -56) + 4)*2 is divided by 25?
22
Suppose -8*k + 527 - 335 = 0. Calculate the remainder when 154 is divided by k.
10
Let t(i) = 2*i**2 + i + 1. Let x(y) = y**3 - 5*y**2 + 5*y - 3. Let u be x(4). Let l(j) = 3*j + 1. Calculate the remainder when t(-2) is divided by l(u).
3
Suppose -a - 11 = -3*g - 4, -g + 6 = -4*a. Suppose g = -0*o + o. Suppose 0 = -f + 16 - o. Calculate the remainder when 54 is divided by f.
12
Suppose 0 = 6*x - 18*x + 876. What is the remainder when 143 is divided by x?
70
Let s = 681 + -500. Calculate the remainder when s is divided by 73.
35
Let u = 25 - 15. What is the remainder when 57 is divided by (-5)/10*0 + 2 + u?
9
Suppose -45*d + 4402 = 26*d. Calculate the remainder when d is divided by 37.
25
Let c(w) = -4*w + 45. Let z be c(0). What is the remainder when 1389/z - 2/(-15) is divided by (-7)/((-21)/54) - 2?
15
Suppose 11*w = 7*w - 20, -4*w = -3*t + 752. Calculate the remainder when t is divided by 64.
52
Let z(p) = -p**3 + 7*p**2 - 4*p + 4. Let c be z(5). Let f = c - 2. What is the remainder when 222 is divided by f?
30
Let c(n) = 4*n**2 - 12*n + 0*n - 12 - 3*n + 2*n + n**3. What is the remainder when c(-5) is divided by 9?
1
Suppose -3*t + 3989 = -m, 5*m = -2*t + 3*t - 19973. Let b be 1/(-6) - m/30. Let w = b - 84. What is the remainder when w is divided by 13?
10
Let z(q) = -q**2 + 23*q + 373. Calculate the remainder when z(31) is divided by 30.
5
Suppose o - 2699 = -5*a, 2*a - 453 = o + 628. 